 by 12.
1
What is the remainder when 62993 is divided by 27?
2
Calculate the remainder when 101587 is divided by 10.
7
Calculate the remainder when 4583 is divided by 129.
68
What is the remainder when 4266 is divided by 267?
261
Calculate the remainder when 12478 is divided by 12475.
3
What is the remainder when 72890 is divided by 61?
56
Calculate the remainder when 5993 is divided by 1122.
383
What is the remainder when 1049183 is divided by 212?
207
Calculate the remainder when 7206 is divided by 136.
134
Calculate the remainder when 13024 is divided by 3240.
64
What is the remainder when 87903 is divided by 7991?
2
Calculate the remainder when 20959 is divided by 19.
2
What is the remainder when 4511 is divided by 1051?
307
What is the remainder when 1056 is divided by 172?
24
Calculate the remainder when 5226 is divided by 4575.
651
Calculate the remainder when 5144 is divided by 426.
32
What is the remainder when 83315 is divided by 16639?
120
What is the remainder when 7089 is divided by 371?
40
What is the remainder when 174948 is divided by 58287?
87
Calculate the remainder when 2435327 is divided by 21.
20
What is the remainder when 243600 is divided by 81189?
33
Calculate the remainder when 31029 is divided by 214.
213
Calculate the remainder when 201554 is divided by 22394.
8
Calculate the remainder when 12250 is divided by 642.
52
What is the remainder when 17756 is divided by 8692?
372
What is the remainder when 131 is divided by 83?
48
Calculate the remainder when 144022 is divided by 25.
22
What is the remainder when 170944 is divided by 42731?
20
What is the remainder when 1334852 is divided by 514?
508
What is the remainder when 393379 is divided by 1660?
1619
Calculate the remainder when 23424 is divided by 1801.
11
What is the remainder when 385723 is divided by 40?
3
Calculate the remainder when 41473 is divided by 2175.
148
Calculate the remainder when 53718 is divided by 689.
665
Calculate the remainder when 2012159 is divided by 960.
959
What is the remainder when 1378 is divided by 1249?
129
Calculate the remainder when 28084 is divided by 208.
4
What is the remainder when 130104 is divided by 108?
72
What is the remainder when 64155 is divided by 172?
171
Calculate the remainder when 46250 is divided by 68.
10
What is the remainder when 478 is divided by 226?
26
Calculate the remainder when 18567 is divided by 9265.
37
What is the remainder when 37152 is divided by 12384?
0
Calculate the remainder when 13556 is divided by 2711.
1
What is the remainder when 5795 is divided by 790?
265
Calculate the remainder when 50036 is divided by 83.
70
Calculate the remainder when 1773 is divided by 84.
9
What is the remainder when 619254 is divided by 1692?
1674
Calculate the remainder when 738 is divided by 48.
18
Calculate the remainder when 8426 is divided by 37.
27
Calculate the remainder when 124742 is divided by 770.
2
What is the remainder when 942204 is divided by 544?
540
Calculate the remainder when 260211 is divided by 14.
7
What is the remainder when 907 is divided by 302?
1
Calculate the remainder when 1178 is divided by 176.
122
Calculate the remainder when 1387 is divided by 205.
157
Calculate the remainder when 11805 is divided by 263.
233
What is the remainder when 67743 is divided by 22533?
144
What is the remainder when 26408 is divided by 330?
8
Calculate the remainder when 11882 is divided by 3479.
1445
Calculate the remainder when 325160 is divided by 7.
3
Calculate the remainder when 180338 is divided by 508.
506
Calculate the remainder when 483080 is divided by 28.
24
What is the remainder when 30444 is divided by 88?
84
Calculate the remainder when 6900289 is divided by 155.
154
What is the remainder when 9602 is divided by 9545?
57
What is the remainder when 3223 is divided by 267?
19
Calculate the remainder when 18972 is divided by 256.
28
Calculate the remainder when 6576 is divided by 6554.
22
Calculate the remainder when 287998 is divided by 8727.
7
Calculate the remainder when 3727 is divided by 3725.
2
What is the remainder when 14751 is divided by 26?
9
Calculate the remainder when 2220 is divided by 534.
84
Calculate the remainder when 398248 is divided by 66363.
70
Calculate the remainder when 128804 is divided by 64401.
2
What is the remainder when 1295 is divided by 391?
122
Calculate the remainder when 15231 is divided by 10.
1
Calculate the remainder when 22512 is divided by 146.
28
Calculate the remainder when 76170 is divided by 361.
360
What is the remainder when 11668 is divided by 1294?
22
Calculate the remainder when 2683 is divided by 22.
21
What is the remainder when 102098 is divided by 1122?
1118
Calculate the remainder when 2270 is divided by 2268.
2
What is the remainder when 164975 is divided by 189?
167
Calculate the remainder when 2088 is divided by 2088.
0
Calculate the remainder when 564135 is divided by 335.
330
Calculate the remainder when 507670 is divided by 1189.
1156
What is the remainder when 5806 is divided by 1887?
145
Calculate the remainder when 39377 is divided by 6.
5
Calculate the remainder when 81772 is divided by 63.
61
Calculate the remainder when 5730 is divided by 180.
150
Calculate the remainder when 13043 is divided by 92.
71
Calculate the remainder when 33163 is divided by 4733.
32
What is the remainder when 54255 is divided by 28?
19
What is the remainder when 2768330 is divided by 309?
308
Calculate the remainder when 145176 is divided by 263.
0
What is the remainder when 255617 is divided by 18?
17
What is the remainder when 8420 is divided by 402?
380
Calculate the remainder when 1071 is divided by 47.
37
What is the remainder when 54311 is divided by 292?
291
Calculate the remainder when 7207 is divided by 3601.
5
What is the remainder when 18362 is divided by 119?
36
What is the remainder when 641 is divided by 2?
1
Calculate the remainder when 70346 is divided by 44.
34
What is the remainder when 178709 is divided by 50?
9
Calculate the remainder when 7210 is divided by 158.
100
What is the remainder when 255579 is divided by 85193?
0
What is the remainder when 822435 is divided by 121?
119
Calculate the remainder when 111373 is divided by 8.
5
What is the remainder when 138998 is divided by 768?
758
Calculate the remainder when 10166 is divided by 1232.
310
What is the remainder when 26329 is divided by 13148?
33
What is the remainder when 10306 is divided by 1340?
926
Calculate the remainder when 10994 is divided by 3047.
1853
What is the remainder when 56292 is divided by 14072?
4
Calculate the remainder when 3335 is divided by 13.
7
What is the remainder when 46569 is divided by 11605?
149
What is the remainder when 1787 is divided by 370?
307
What is the remainder when 19409 is divided by 1760?
49
Calculate the remainder when 3516 is divided by 348.
36
What is the remainder when 4068 is divided by 110?
108
Calculate the remainder when 23840 is divided by 113.
110
What is the remainder when 1441839 is divided by 2534?
2527
What is the remainder when 271328 is divided by 54260?
28
What is the remainder when 308871 is divided by 139?
13
What is the remainder when 1385946 is divided by 31?
29
Calculate the remainder when 83442 is divided by 13907.
0
Calculate the remainder when 842 is divided by 351.
140
Calculate the remainder when 655617 is divided by 79.
75
What is the remainder when 23140 is divided by 44?
40
What is the remainder when 44353 is divided by 44309?
44
What is the remainder when 16821 is divided by 5596?
33
What is the remainder when 454507 is divided by 408?
403
What is the remainder when 3760 is divided by 70?
50
What is the remainder when 49847 is divided by 1246?
7
Calculate the remainder when 9620 is divided by 109.
28
What is the remainder when 811 is divided by 222?
145
Calculate the remainder when 177 is divided by 71.
35
Calculate the remainder when 913421 is divided by 25.
21
Calculate the remainder when 225027 is divided by 577.
574
What is the remainder when 2245 is divided by 598?
451
Calculate the remainder when 1088 is divided by 109.
107
Calculate the remainder when 299549 is divided by 184.
181
What is the remainder when 1181433 is divided by 22?
11
What is the remainder when 17567 is divided by 1093?
79
Ca